{"id":20,"date":"2019-05-15T16:13:19","date_gmt":"2019-05-15T16:13:19","guid":{"rendered":"https:\/\/www.epmcomunicacion.com\/pruebas\/?page_id=20"},"modified":"2019-05-15T16:13:19","modified_gmt":"2019-05-15T16:13:19","slug":"contacto","status":"publish","type":"page","link":"https:\/\/www.epmcomunicacion.com\/pruebas\/contacto\/","title":{"rendered":"Contacto"},"content":{"rendered":"<p>Esta es una p\u00e1gina con informaci\u00f3n de contacto b\u00e1sica, como la direcci\u00f3n y el n\u00famero de tel\u00e9fono. Incluso puedes probar un plugin para a\u00f1adir un formulario de contacto.<\/p>\n","protected":false},"excerpt":{"rendered":"<p>Esta es una p\u00e1gina con informaci\u00f3n de contacto b\u00e1sica, como la direcci\u00f3n y el n\u00famero de tel\u00e9fono. Incluso puedes probar un plugin para a\u00f1adir un formulario de contacto.<\/p>\n","protected":false},"author":1,"featured_media":15,"parent":0,"menu_order":0,"comment_status":"closed","ping_status":"closed","template":"","meta":[],"_links":{"self":[{"href":"https:\/\/www.epmcomunicacion.com\/pruebas\/wp-json\/wp\/v2\/pages\/20"}],"collection":[{"href":"https:\/\/www.epmcomunicacion.com\/pruebas\/wp-json\/wp\/v2\/pages"}],"about":[{"href":"https:\/\/www.epmcomunicacion.com\/pruebas\/wp-json\/wp\/v2\/types\/page"}],"author":[{"embeddable":true,"href":"https:\/\/www.epmcomunicacion.com\/pruebas\/wp-json\/wp\/v2\/users\/1"}],"replies":[{"embeddable":true,"href":"https:\/\/www.epmcomunicacion.com\/pruebas\/wp-json\/wp\/v2\/comments?post=20"}],"version-history":[{"count":1,"href":"https:\/\/www.epmcomunicacion.com\/pruebas\/wp-json\/wp\/v2\/pages\/20\/revisions"}],"predecessor-version":[{"id":26,"href":"https:\/\/www.epmcomunicacion.com\/pruebas\/wp-json\/wp\/v2\/pages\/20\/revisions\/26"}],"wp:featuredmedia":[{"embeddable":true,"href":"https:\/\/www.epmcomunicacion.com\/pruebas\/wp-json\/wp\/v2\/media\/15"}],"wp:attachment":[{"href":"https:\/\/www.epmcomunicacion.com\/pruebas\/wp-json\/wp\/v2\/media?parent=20"}],"curies":[{"name":"wp","href":"https:\/\/api.w.org\/{rel}","templated":true}]}}