{"id":18,"date":"2019-05-15T16:13:19","date_gmt":"2019-05-15T16:13:19","guid":{"rendered":"https:\/\/www.epmcomunicacion.com\/pruebas\/?page_id=18"},"modified":"2019-05-15T16:13:19","modified_gmt":"2019-05-15T16:13:19","slug":"inicio","status":"publish","type":"page","link":"https:\/\/www.epmcomunicacion.com\/pruebas\/","title":{"rendered":"Inicio"},"content":{"rendered":"<p>\u00a1Bienvenido a tu sitio! Esta es tu p\u00e1gina de inicio, que es la que la mayor\u00eda de visitantes ver\u00e1n cuando vengan a tu sitio por primera vez.<\/p>\n","protected":false},"excerpt":{"rendered":"<p>\u00a1Bienvenido a tu sitio! Esta es tu p\u00e1gina de inicio, que es la que la mayor\u00eda de visitantes ver\u00e1n cuando vengan a tu sitio por primera vez.<\/p>\n","protected":false},"author":1,"featured_media":0,"parent":0,"menu_order":0,"comment_status":"closed","ping_status":"closed","template":"","meta":[],"_links":{"self":[{"href":"https:\/\/www.epmcomunicacion.com\/pruebas\/wp-json\/wp\/v2\/pages\/18"}],"collection":[{"href":"https:\/\/www.epmcomunicacion.com\/pruebas\/wp-json\/wp\/v2\/pages"}],"about":[{"href":"https:\/\/www.epmcomunicacion.com\/pruebas\/wp-json\/wp\/v2\/types\/page"}],"author":[{"embeddable":true,"href":"https:\/\/www.epmcomunicacion.com\/pruebas\/wp-json\/wp\/v2\/users\/1"}],"replies":[{"embeddable":true,"href":"https:\/\/www.epmcomunicacion.com\/pruebas\/wp-json\/wp\/v2\/comments?post=18"}],"version-history":[{"count":1,"href":"https:\/\/www.epmcomunicacion.com\/pruebas\/wp-json\/wp\/v2\/pages\/18\/revisions"}],"predecessor-version":[{"id":24,"href":"https:\/\/www.epmcomunicacion.com\/pruebas\/wp-json\/wp\/v2\/pages\/18\/revisions\/24"}],"wp:attachment":[{"href":"https:\/\/www.epmcomunicacion.com\/pruebas\/wp-json\/wp\/v2\/media?parent=18"}],"curies":[{"name":"wp","href":"https:\/\/api.w.org\/{rel}","templated":true}]}}